 of l(-13)?
4
Suppose -d = -22*k + 18*k + 161, 0 = 2*k - 3*d - 73. Suppose -58*y = -k*y - 952. What is the tens digit of y?
5
Suppose 8*i + 120 = 16*i. What is the tens digit of 98 - 12/i*5?
9
Suppose 534*x = 468*x + 5226672. What is the ten thousands digit of x?
7
Let x(k) = -91*k + 18. Let s be x(6). What is the tens digit of (46/8 - 5)/((-1)/s)?
9
Let v be ((-3)/3 - -7)*(-2)/3. Let b be 5 - (3 + -2 - v). Let i(n) = 2*n + 27. What is the units digit of i(b)?
7
Suppose -13*o + 68 = 3. Let g(h) = 89*h - 10. What is the units digit of g(o)?
5
Suppose 0 = 2*a - 3*r + 6, 17 = -4*a + 3*a + 5*r. Suppose a*o - 2 = -2*m, -m = 4*o - 0*m - 11. What is the tens digit of ((-258)/24)/(o/(-48))?
2
Suppose 0 = -10*z + 59 + 81. Suppose 0 = z*o - 30 - 54. What is the hundreds digit of 830/o - ((-20)/12 - -1)?
1
Let v(z) = 8*z**2 - 31*z + 76. What is the units digit of v(4)?
0
Let s = 20607 + 1059. What is the ten thousands digit of s?
2
Let j(v) = -6*v - 33. Let a be j(-8). Let w(n) = a*n + 1 + 3 - n**2 + 0*n**2 + 3. What is the tens digit of w(11)?
5
Suppose -3*q + 14 + 16 = 0. Suppose -q*n + 64 = -2*n. What is the units digit of 258/4 + n/16?
5
Let o(l) = -2*l**3 - 3*l**2 + 14*l + 15025. What is the tens digit of o(0)?
2
Suppose 8392728 - 907828 = 275*v - 17293425. What is the units digit of v?
3
Let m = 115 - 102. Let q = m - 19. Let s(y) = 5*y**2 + y - 26. What is the units digit of s(q)?
8
Suppose 0 = -5*z + 3*o + 7150, 2*z - 4*o + 1739 = 4599. What is the units digit of z?
0
Suppose 224 = 305*k - 303*k. Let f = 425 + k. What is the hundreds digit of f?
5
Let u = 43 - -290. Let f = -119 + u. What is the tens digit of f?
1
Let o(c) = -36 - 7*c + 14*c**2 - 14*c + 20 + 37*c**3 - 8 - 35*c**3. What is the units digit of o(-8)?
6
Suppose 5*f - g + 3*g = -591, 4*g = -5*f - 587. Let u be ((-216)/14)/(17/f). What is the tens digit of (-4 - 2)*u/(-18)?
3
Let a(n) = -n**3 + 2*n**2 + 6. Let w be a(4). Let b = w + 24. What is the units digit of 24 + 0*b/6?
4
Suppose -4*k = -2*n + k + 34, -3*n + 3*k = -33. Let m = -1444 + 1447. Suppose 3*r - 2*u = 179, 2*u = n + m. What is the tens digit of r?
6
Suppose j - 5 = -4*b, 79*j - 20 = 5*b + 75*j. Suppose -2*k + 1153 + 1469 = b. What is the thousands digit of k?
1
Let f be 8/32 + (0 - (-27)/(-12)). What is the tens digit of 2/(-10)*f + (-27570)/(-75)?
6
Suppose -5 = 4*o - 21. Let m be 7/(1/8*o). What is the tens digit of (m/(-3)*1)/((-6)/117)?
9
Suppose -130*a + 132*a - 4*l = 57432, 5*l = -3*a + 86214. What is the thousands digit of a?
8
Let v = 8650 + -3360. What is the hundreds digit of v?
2
Let p be (396 - 38)*((-138)/(-4))/3. Suppose 4*y - 3*b + 3293 = 0, -11*b = 5*y - 14*b + p. Let i = -578 - y. What is the hundreds digit of i?
2
What is the units digit of 22 + -9 - (-2873 + -1)?
7
Let f(g) = -44*g + 13. Let p(c) = 1. Let y(h) = h**3 + 15*h**2 - 14*h + 33. Let j be y(-16). Let r(t) = j*f(t) - 3*p(t). What is the units digit of r(-2)?
8
Suppose -2*k + 4*k + 889147 = 39*k. What is the tens digit of k?
3
Let z(p) = -p**2 - 3*p + 4. Let m be z(-4). Let w(i) = -33*i - 420. Let l be w(-15). Let d = l - m. What is the tens digit of d?
7
Let a(y) = 5*y - 296. Let s be a(59). What is the hundreds digit of 399/(-28)*(-87 + s)?
2
Suppose -u + 4*h = -7, 15*h - 12*h = -3*u + 6. Suppose -u*l + 24*l = 32403. What is the units digit of l?
3
Let z be (-1)/3 - 85/15. Let m = z + 219. What is the hundreds digit of m?
2
Let b = -29 + 182. Let h = b - 134. What is the tens digit of h?
1
Suppose 14*k - 690 = 6968. What is the hundreds digit of k?
5
Suppose -4*k - 41108 - 62753 = -3*v, -2*v + 4*k + 69250 = 0. What is the tens digit of v?
1
Let i(v) = -19*v**3 + 7*v**2 - 28*v - 12. What is the units digit of i(-8)?
8
Let p = 21449 + -20584. What is the tens digit of p?
6
Let t = -187 - -172. What is the tens digit of ((-36)/t*3)/((-6)/(-285))?
4
Let v(z) = -53*z**3 + 5*z**2 - 5*z - 185. What is the units digit of v(-5)?
0
Let o(z) = -z**3 - 4*z**2 - 4*z. Let b be o(-3). Suppose 2120 = -b*k + 5*k + a, 2*a + 8 = 0. Suppose k = -11*u + 3262. What is the hundreds digit of u?
2
Let l = 769 - -24324. What is the tens digit of l?
9
Let c be (75/(-50))/((-2)/(-4)). Let h be ((-18)/15)/(c/1440). Suppose 5*k - 2*z = h, -141 = -3*k - 5*z + 217. What is the hundreds digit of k?
1
Suppose -4*u - 9*q + 2709 = -8*q, -2029 = -3*u + 2*q. What is the hundreds digit of u?
6
Suppose 115 = 3*n + 2*n. Let k be 3052/(-9919) + 8/26. Suppose k = -2*v + 345 + n. What is the tens digit of v?
8
Suppose -2*z = -l - 304, 17*z = -4*l + 18*z - 1230. Let q = l + 660. What is the tens digit of q?
5
Let n(a) = -136*a**2 + 7*a + 17. Let b be n(-3). What is the hundreds digit of b/(-3) + (-4)/3?
4
Let t(a) be the third derivative of -17*a**4/24 - a**3/2 + 4*a**2. Let y be t(-3). Let u = y - 43. What is the units digit of u?
5
Let u be (22/33)/(6/9). Let a(s) = 53*s**2 + 2*s - 1. Let x be a(u). Suppose 259 = -53*n + x*n. What is the units digit of n?
9
Let v be (19 + -10 + -10)*2/((-2)/(-191)). Let g(b) = 15*b + 6. Let i be g(-4). Let a = i - v. What is the hundreds digit of a?
1
Let o be (-2 - -10) + -5 - 75/(-1). Let t(j) = -11 + 2 + 3 + o*j. What is the tens digit of t(1)?
7
Let o(q) = -5*q - 7. Let w be o(-3). Let s be (2/2)/((-7)/(-6 - w)). Suppose -58 - 57 = -g - 2*k, s*g = -2*k + 234. What is the tens digit of g?
1
What is the hundreds digit of -2 + 374019/21 - (-22)/((-2926)/57)?
8
Let f be -12*((-9)/(-4) + 0 - 3). What is the hundreds digit of (-80)/(-3)*((f - -15) + -3)?
5
What is the tens digit of 4/16 + ((-222789)/(-28) - 4)?
5
Let g(y) = -y**3 + 21*y**2 + 26*y - 85. Let w be g(22). Suppose 3*d + 4104 = 5*k, -k + w*d + 485 = -343. What is the units digit of k?
9
Let y = -63 - -172. What is the hundreds digit of 13406/12 + y/(-654)?
1
Suppose 5*j - 3*j - 62 = 4*n, 3*j + 2*n = 93. Suppose -27 - 34 = -h. Suppose b = j + h. What is the units digit of b?
2
Let v(r) = 2882*r - 390. What is the tens digit of v(3)?
5
Let w(z) = -176 + 16*z - 38*z - 12*z. What is the units digit of w(-15)?
4
Let t be (670/(-6))/1 - 12/(-18). Let s = 143 + t. What is the tens digit of s?
3
Suppose 0 = 2*d - 5*l - 139, -2*d + 3*l + 20 = -125. Suppose a + d = 5*x, -4*x - a + 83 = x. Let w = 182 - x. What is the tens digit of w?
6
Let r(p) = p**3 + 3*p**2 - 4*p + 5. Let t be r(-6). Let k = 17 - 15. What is the units digit of (0 - -2 - k)/(-1) - t?
9
Let d be -372 + 4 + 2/(-1). Let r = -203 - d. Let q = r - 93. What is the tens digit of q?
7
Let u = 335 - 231. Suppose -18*k = -16*k - u. Let h = -49 + k. What is the units digit of h?
3
Suppose 0 = -5*d - 15, -z = -6*z - 5*d + 1270. Suppose -z = 7*g - 2637. What is the hundreds digit of g?
3
What is the units digit of 3768612/798 + 3/7?
3
Let p be 10/(-8)*(-1 + 9). Let m be (24/p - -2)/((-2)/(-20)). What is the tens digit of (-6)/((-3)/(-7)*m/18)?
6
Suppose -5*n + 18 + 42 = 0. Suppose n*u + 1107 = 15*u. What is the tens digit of u?
6
Let s = -12523 - -43191. What is the thousands digit of s?
0
Suppose 5*n - 26611 = -4*c, 3*n - 4760 - 1898 = -c. What is the units digit of c?
9
Let i = -90 - -114. Let l = i - 36. Let b = 83 + l. What is the units digit of b?
1
Let t = -59 + 159. Let l = t - -119. What is the hundreds digit of l?
2
Suppose -3*x - 234 + 66 = 0. Let l = 74 + x. Suppose m - 143 + l = 0. What is the tens digit of m?
2
Let a be ((-180)/315)/((-2)/21). Let v(p) = 4*p**3 - 4*p**2 - 21*p + 28. What is the units digit of v(a)?
2
Let x(v) = v**2 + 12*v + 11. Let o = 88 + -55. What is the units digit of x(o)?
6
What is the hundreds digit of 0 + 6261 - -2 - (-33 - -23 - -10)?
2
Let h(t) be the first derivative of -7*t**3/3 - 27*t**2/2 - 10*t + 21. Let v(u) be the first derivative of h(u). What is the units digit of v(-7)?
1
Let c(w) = 46*w + 20 - 60*w + 25 - 12*w**2 + 53*w**2 + 32*w. What is the units digit of c(6)?
9
Suppose 0 = 14*x - 21*x + 51387. What is the thousands digit of x?
7
Let b(p) = -113*p + 1905. What is the tens digit of b(0)?
0
Let a(m) be the second derivative of m**4/6 + 2*m**3 + 15*m**2/2 + m - 9. What is the units digit of a(-7)?
9
Suppose 5*x = 2*k - 16, -6*x + 4*x - 4 = -2*k. What is the hundreds digit of (x + 14/(-4)*-2)*107?
3
Let m = 9399 + 9512. What is the units digit of m?
1
Let m(u) = 6*u**3 - 27*u**2 + 172*u + 4. 